 are the prime factors of k?
2, 229
Suppose 0 = -18*w + 15297 - 5505. What are the prime factors of w?
2, 17
Suppose x - 9 = 62. Suppose 4*d - 3*d = x. What are the prime factors of d?
71
Suppose -3*l = 3*r + 225, 2*r - 2*l = 3*r + 75. Let a(b) = b**2 + 4*b - 28. Let c be a(-14). Let n = r + c. What are the prime factors of n?
37
Let y(t) = -130*t + 20. List the prime factors of y(-7).
2, 3, 5, 31
Let f(c) = -c**2 + 6*c - 7. Let a be f(3). Suppose a*w - 72 = 178. List the prime factors of w.
5
Let s = 56 - -10. Let f = -10 + s. What are the prime factors of f?
2, 7
Suppose -12*i + 6*i = -1902. Let g = i + -168. List the prime factors of g.
149
What are the prime factors of -7*3*21085/(-105)?
4217
Suppose -f - f = 202. Let d = f - -150. What are the prime factors of d?
7
Suppose 15*o - 1070 = -5*t + 16*o, o = 5. List the prime factors of t.
5, 43
Suppose 32*h = 34*h - 388. What are the prime factors of h?
2, 97
Suppose -2*w + 18 + 6 = 0. Suppose 300 = 17*h - w*h. Suppose 0 = -z - 3*z + h. What are the prime factors of z?
3, 5
Let x(f) be the first derivative of -f**4/12 + 4*f**3/3 - 2*f**2 - 4*f - 3. Let p(q) be the first derivative of x(q). What are the prime factors of p(7)?
3
Suppose 17*u = -5146 + 29116. What are the prime factors of u?
2, 3, 5, 47
Let n(x) = -x**3 - 11*x**2 + 8*x - 23. Suppose 5*d - 2*a = -66, -4*d + 0*a - 39 = 3*a. List the prime factors of n(d).
5
Suppose -11*h + 1520 = -h. Suppose -3*d + 4*d = 2. Suppose 2*l + d*l = h. List the prime factors of l.
2, 19
Suppose 0 = 5*m + r - 294, 0*m = -m + 3*r + 62. List the prime factors of m.
59
Let l = 11 - 5. Suppose -l*i + 5*i + 128 = 0. What are the prime factors of i?
2
Suppose -2*a + 5*u = -2603, -a - 6*u + 3*u = -1274. List the prime factors of a.
1289
Suppose 2*v = 7 - 3. What are the prime factors of (-4)/36*-367 - v/(-9)?
41
Suppose 13542 + 5750 = 7*b. List the prime factors of b.
2, 13, 53
Let n(k) = 2*k**2 + k - 4. Let x be (-1)/(2*4/24). List the prime factors of n(x).
11
Let q(k) = -k + 10. Let n be q(7). Let g(c) = -3*c**2 + 2*c**2 - 6 - 8*c - c**2 + n*c**2. What are the prime factors of g(12)?
2, 3, 7
Let g be 11 - 0/(-2) - 0. Let i = -14 - -6. Let l = i + g. List the prime factors of l.
3
Suppose -3 = -3*o + 3. Suppose -4*i - b + 20 = -i, -o*b = -4. Suppose -5*y = -2*p - 46, 2*y - i - 4 = -2*p. What are the prime factors of y?
2
List the prime factors of ((-18)/(-27) - (-1369)/3)*1.
457
Let z = -76 - -86. Suppose -k + 0 = 6. What are the prime factors of 228/z*(-15)/k?
3, 19
Suppose 5*t - 5*m = 2970, -6*m = -3*m - 6. List the prime factors of t.
2, 149
Let p be 0/1 - (0 + 0). Let n(u) = -2*u + 56. Let b be n(p). What are the prime factors of -1 + (-12)/(-4) + b?
2, 29
Let z(n) = -40*n + 1. Let l(k) = 81*k - 2. Let u = 25 + -38. Let t(r) = u*z(r) - 6*l(r). List the prime factors of t(1).
3, 11
Suppose 3*l - 5*y = 47, -11 - 6 = -l + 3*y. Let g = 36 - l. What are the prime factors of g?
2, 11
Let b = -628 + 912. What are the prime factors of b?
2, 71
Suppose -4*w + 1615 + 9584 = l, 4*w = 3*l + 11187. What are the prime factors of w?
3, 311
Suppose -13*q + 3285 = -1837. List the prime factors of q.
2, 197
Suppose 4*q - 31 = -3*o, -5*q = -3*o - o. Let i(z) = z**2 - 4*z - 3. Let s be i(o). Suppose 0 = s*j - 16 - 12. What are the prime factors of j?
2, 7
Let w(j) = 27*j - 45. Let h be w(5). Suppose b = 71 + h. List the prime factors of b.
7, 23
Suppose -9*o + 138 = -366. List the prime factors of o.
2, 7
Let t(q) = -q**3 - 8*q**2 + 19*q - 7. Let v = -69 + 58. List the prime factors of t(v).
3, 7
Suppose x + 2*s + 8 = 0, x - 3*s = -3*x - 43. Let p(k) = -18*k - 27. List the prime factors of p(x).
3, 17
List the prime factors of ((-20)/4 - -3)/((-46)/96577).
13, 17, 19
Let a = -903 - -1709. What are the prime factors of a?
2, 13, 31
Let l be (-20)/(-8)*12/5. Let x(p) = -p**3 + 7*p**2 - 5*p - 1. Let f be x(l). Suppose -2*q + g - 3 = -10, -3*q = 4*g - f. List the prime factors of q.
3
Let i(s) = s**3 + 7*s**2 + 6*s + 4. Let u be i(-6). Suppose -458 + 22 = -u*q. Suppose -3*a = 3*f - 93, q + 7 = 4*a - 4*f. What are the prime factors of a?
2, 3, 5
Suppose 1242 = 2*x + 21*f - 19*f, -4*x = 5*f - 2479. List the prime factors of x.
2, 313
Suppose 6*i + 659 = 2063. What are the prime factors of i?
2, 3, 13
Suppose 0 = -5*f - x + 5*x + 4423, -4*f - 5*x = -3522. What are the prime factors of f?
883
Let b(y) = -20*y**3 + 6*y**2 + 3*y - 77. What are the prime factors of b(-6)?
4441
Let o = -57 + 54. List the prime factors of ((-3)/o)/(-4 - 1364/(-340)).
5, 17
Let i(g) be the third derivative of -59*g**4/8 - g**3 - 22*g**2. What are the prime factors of i(-1)?
3, 19
Suppose 12 = -g + 2*f - 4, 0 = -g - f - 19. Let u be (-2)/4 - 27/g. Suppose 5 = r + u. What are the prime factors of r?
2
Let q = 17 + -13. Let i(v) = v**3 - 5*v**2 + 5*v - 2. Let d be i(q). Suppose 0 = -g - d*g + 111. What are the prime factors of g?
37
Let i(b) = 2*b**2 - 7*b - 5. Let c be i(5). List the prime factors of (0 + 184/c)/((-48)/(-360)).
2, 3, 23
Let a = 360 - -31. List the prime factors of a.
17, 23
Let o(n) be the first derivative of 3*n**2 + 8*n + 35. What are the prime factors of o(0)?
2
Let i(c) = -9*c**2 - 24*c + 7. Let f(v) = 6*v**2 + 16*v - 5. Let z(a) = 8*f(a) + 5*i(a). List the prime factors of z(5).
2, 5, 11
Suppose -367 = -8*v + 785. What are the prime factors of v?
2, 3
Suppose -3*v = -i + 1478, 4749 = 4*i + 3*v - 1178. List the prime factors of i.
1481
Let j(l) = 6*l**3 - 39*l**2 + 5*l - 14. Let d(v) = 3*v**3 - 20*v**2 + 2*v - 8. Let k(r) = -7*d(r) + 4*j(r). What are the prime factors of k(7)?
7, 41
Let u = 94 + 103. List the prime factors of u.
197
Let s = -485 + 1466. List the prime factors of s.
3, 109
Suppose -5250 = -6*x - 1872. What are the prime factors of x?
563
Let y(i) = i**2 + 12*i + 12. Let u be y(-9). Let z be u/(3 - (-54)/(-16)). Suppose 0 = r - 3*w + 6 - 22, 3*r = 5*w + z. What are the prime factors of r?
2, 5
Let l be -8 - 1 - (3 + -6). Let h be (4/l)/(11/(-396)). Suppose -2*m - i + 27 = 0, -3*m + i + 9 = -h. What are the prime factors of m?
2, 3
Suppose v = q - 2, q - 8 = -9*v + 8*v. List the prime factors of 18/(-3*v/(-9)).
2, 3
Let w(f) = f**3 + f**2 - f - 1. Let z(n) = 7*n**3 + 15*n**2 - 9*n + 13. Let p(a) = -6*w(a) + z(a). List the prime factors of p(-8).
107
Suppose -3*w + 0*w - 138 = 3*c, -82 = 2*c + 4*w. Let g = 23 - c. What are the prime factors of g?
2, 37
Suppose -17*h = 196 - 4616. List the prime factors of h.
2, 5, 13
Let m be -1 + 3 - 4/1. Let h(v) = v**2 - 1. Let d be h(m). Suppose d*t - 2*f - 23 = 196, 0 = -t + 3*f + 80. What are the prime factors of t?
71
Suppose o - 5*p = -p + 25, -3*o - 4*p - 5 = 0. Suppose 0 = 5*v + n - 320, -2*n - 38 = -o*v + 297. What are the prime factors of v?
5, 13
Let j = 6162 - 3850. List the prime factors of j.
2, 17
Let a = 29 + -27. Suppose -5*s = 3*z - 4, -z + 2*z = -s + a. What are the prime factors of z?
3
Let b = 371 - 77. List the prime factors of b.
2, 3, 7
List the prime factors of 2/((-24)/4830)*(-24)/15.
2, 7, 23
Suppose v - 5*v - 20 = -4*n, 0 = 5*v - 4*n + 20. Suppose -2*y + 5*o + 101 = v, 2*y + 0*o = 3*o + 107. List the prime factors of y.
2, 29
Suppose -m + 12 = -4*i, 5*m + 3 = -i - 0*i. Suppose -230 = -2*f - m*f. Suppose 0 = 4*c + a - f, 3*c = -3*a + 2*a + 85. List the prime factors of c.
2, 3, 5
Suppose -n - 4*v = 3*n - 100, 0 = -5*n - 2*v + 128. Let t be (-1*n - -2) + -2. Let k = t + 49. What are the prime factors of k?
23
Let j(k) = k + 12. Let v be j(6). Let a = -18 + v. Suppose -15 = 5*n, a*z + 4*z - 99 = 5*n. List the prime factors of z.
3, 7
Suppose y - 894 = 1812. List the prime factors of y.
2, 3, 11, 41
Let r(m) = -m**3 + 4*m**2 - 4*m + 2. Let o be r(3). Suppose -6*q + 526 = 52. List the prime factors of q - o/(-3)*0.
79
Let v = 13 - 9. Suppose v*w - i - 25 = 4, -3*i = 3. What are the prime factors of 132/7 + w/49?
19
Let u = 37 - 32. Let f = -24 - -27. Suppose f*v = 4*s + 87 + 77, -s = u. List the prime factors of v.
2, 3
List the prime factors of (-2)/((-10)/(-50)*4/(-30)).
3, 5
Suppose -2*w - 78 = -3*w - 3*s, -4*s = -3*w + 221. Let y = w + -27. What are the prime factors of y?
2, 3
Suppose -4*j + 12 + 0 = 0. Let t(a) = -3*a + 7. Let w be t(j). Let k = w + 24. What are the prime factors of k?
2, 11
Let d(i) = 42